{"id":727,"date":"2018-07-03T10:15:41","date_gmt":"2018-07-03T10:15:41","guid":{"rendered":"http:\/\/academist.elated-themes.com\/?page_id=727"},"modified":"2024-01-31T07:50:36","modified_gmt":"2024-01-31T06:50:36","slug":"professor-home","status":"publish","type":"page","link":"https:\/\/www.easylanguage.fr\/","title":{"rendered":"Professor Home"},"content":{"rendered":"<p>[vc_row gap=\u00a0\u00bb1&Prime;][vc_column][rev_slider_vc alias=\u00a0\u00bbprofessor-home\u00a0\u00bb enable_paspartu=\u00a0\u00bbno\u00a0\u00bb][\/vc_column][\/vc_row][vc_row][vc_column]<div class=\"eltdf-elements-holder   eltdf-three-columns  eltdf-responsive-mode-768   \" ><div class=\"eltdf-eh-item  eltdf-vertical-alignment-top   \" style=\"background-color: #a82626\" data-item-class=\"eltdf-eh-custom-7337\" data-1367-1600=\"20% 12% 20% 45px\" data-1025-1366=\"75px 9% 75px 40px\" data-769-1024=\"18% 21px 18% 35px\" data-681-768=\"12% 29% 10% 30%\" data-680=\"18% 9% 15% 50px\">\n\t<div class=\"eltdf-eh-item-inner\">\n\t\t<div class=\"eltdf-eh-item-content eltdf-eh-custom-7337\" style=\"padding: 12% 23% 10% 70px\">\n\t\t\t<div class=\"eltdf-iwt clearfix  eltdf-iwt-icon-top eltdf-iwt-icon-medium eltdf-iwt-position-text-left\">\n\t<div class=\"eltdf-iwt-icon\">\n\t\t\t\t\t\t\t\t\t    <span class=\"eltdf-icon-shortcode eltdf-normal   eltdf-icon-medium\"  data-color=\"#ffffff\">\n                    <i class=\"eltdf-icon-dripicons dripicon dripicons-device-tablet eltdf-icon-element\" style=\"color: #ffffff;font-size:30px\" ><\/i>            <\/span>\n\t\t\t\t\t\t<\/div>\n\t<div class=\"eltdf-iwt-content\" >\n\t\t\t\t\t<h3 class=\"eltdf-iwt-title\" style=\"color: #ffffff\">\n\t\t\t\t\t\t\t\t<span class=\"eltdf-iwt-title-text\">EN RESUME<\/span>\n\t\t\t\t\t\t\t<\/h3>\n\t\t\t\t\t\t\t<p class=\"eltdf-iwt-text\" style=\"color: #ffffff\">Professeur titulaire d&#039;une maitrise FLE et de 2 licences : lettres modernes et LEA , j&#039;utilise une approche immersive dans l&#039;enseignement des langues en mettant la priorit\u00e9 sur la communication afin de pouvoir vraiment se d\u00e9brouiller ensuite en situation concr\u00e8te. Fran\u00e7aise native, je parle anglais et espagnol couramment. J\u2019ai enseign\u00e9 \u00e0 l\u2019\u00e9tranger pendant de nombreuses ann\u00e9es et j\u2019ai ainsi eu la chance de vivre dans des pays tr\u00e8s vari\u00e9s et de d\u00e9couvrir des cultures tr\u00e8s diff\u00e9rentes.<\/p>\n\t\t\t<\/div>\n<\/div>[vc_empty_space height=\u00a0\u00bb3px\u00a0\u00bb css=\u00a0\u00bb.vc_custom_1705101031330{padding-top: -20% !important;}\u00a0\u00bb]<a itemprop=\"url\" href=\"http:\/\/joyjobs.com\/cv\/p\/pontfr.htm\" target=\"_self\" style=\"color: #ffffff\" class=\"eltdf-btn eltdf-btn-medium eltdf-btn-simple eltdf-btn-arrow\"  >\n    <span class=\"eltdf-btn-text\">En savoir plus<\/span>\n    <\/a>\t\t<\/div>\n\t<\/div>\n<\/div><div class=\"eltdf-eh-item  eltdf-vertical-alignment-top   \" style=\"background-color: #252525\" data-item-class=\"eltdf-eh-custom-4486\" data-1367-1600=\"20% 12% 20% 45px\" data-1025-1366=\"75px 9% 75px 40px\" data-769-1024=\"18% 21px 18% 35px\" data-681-768=\"12% 29% 10% 30%\" data-680=\"18% 9% 15% 50px\">\n\t<div class=\"eltdf-eh-item-inner\">\n\t\t<div class=\"eltdf-eh-item-content eltdf-eh-custom-4486\" style=\"padding: 12% 23% 10% 70px\">\n\t\t\t<div class=\"eltdf-iwt clearfix  eltdf-iwt-icon-top eltdf-iwt-icon-medium eltdf-iwt-position-text-left\">\n\t<div class=\"eltdf-iwt-icon\">\n\t\t\t\t\t\t\t\t\t    <span class=\"eltdf-icon-shortcode eltdf-normal   eltdf-icon-medium\"  data-color=\"#ffffff\">\n                    <i class=\"eltdf-icon-dripicons dripicon dripicons-device-tablet eltdf-icon-element\" style=\"color: #ffffff;font-size:30px\" ><\/i>            <\/span>\n\t\t\t\t\t\t<\/div>\n\t<div class=\"eltdf-iwt-content\" >\n\t\t\t\t\t<h3 class=\"eltdf-iwt-title\" style=\"color: #ffffff\">\n\t\t\t\t\t\t\t\t<span class=\"eltdf-iwt-title-text\">SUMMARY<\/span>\n\t\t\t\t\t\t\t<\/h3>\n\t\t\t\t\t\t\t<p class=\"eltdf-iwt-text\" style=\"color: #ffffff\">I am a native French speaker and fluent in English and Spanish. I have been teaching internationally for more than 12 years. I graduated from the University of Humanities in Aix-en-Provence, (South of France) where I got my Master degree in Teaching French as a Foreign Language. I completed it with a B.A in Modern Literature. I am really comfortable teaching in a variety of environments and I have a broad experience teaching students of very different levels, cultures and economic backgrounds.<\/p>\n\t\t\t<\/div>\n<\/div>[vc_empty_space height=\u00a0\u00bb3px\u00a0\u00bb]<a itemprop=\"url\" href=\"http:\/\/joyjobs.com\/cv\/p\/pont.htm\" target=\"_self\" style=\"color: #ffffff\" class=\"eltdf-btn eltdf-btn-medium eltdf-btn-simple eltdf-btn-arrow\"  >\n    <span class=\"eltdf-btn-text\">Learn more<\/span>\n    <\/a>\t\t<\/div>\n\t<\/div>\n<\/div><div class=\"eltdf-eh-item   eltdf-horizontal-alignment-right  \" style=\"background-image: url(https:\/\/www.easylanguage.fr\/wp-content\/uploads\/2024\/01\/AU-TABLEAU-LAURENCE-1.jpg)\" data-item-class=\"eltdf-eh-custom-9917\" data-1025-1366=\"185px 0px\" data-769-1024=\"20% 0% 20% 0%\" data-681-768=\"25% 0% 25% 0%\" data-680=\"45% 0% 45% 0%\">\n\t<div class=\"eltdf-eh-item-inner\">\n\t\t<div class=\"eltdf-eh-item-content eltdf-eh-custom-9917\" style=\"padding: 0 0 0 0\">\n\t\t\t\t\t<\/div>\n\t<\/div>\n<\/div><\/div>[\/vc_column][\/vc_row][vc_row][vc_column]<div class=\"eltdf-elements-holder   eltdf-three-columns  eltdf-responsive-mode-768   \" ><div class=\"eltdf-eh-item  eltdf-vertical-alignment-top   \" style=\"background-color: #252525\" data-item-class=\"eltdf-eh-custom-9213\" data-1367-1600=\"20% 12% 20% 45px\" data-1025-1366=\"75px 9% 75px 40px\" data-769-1024=\"18% 21px 18% 35px\" data-681-768=\"12% 29% 10% 30%\" data-680=\"18% 9% 15% 50px\">\n\t<div class=\"eltdf-eh-item-inner\">\n\t\t<div class=\"eltdf-eh-item-content eltdf-eh-custom-9213\" style=\"padding: 12% 23% 10% 70px\">\n\t\t\t<div class=\"eltdf-iwt clearfix  eltdf-iwt-icon-top eltdf-iwt-icon-medium eltdf-iwt-position-text-left\">\n\t<div class=\"eltdf-iwt-icon\">\n\t\t\t\t\t\t\t\t\t    <span class=\"eltdf-icon-shortcode eltdf-normal   eltdf-icon-medium\"  data-color=\"#ffffff\">\n                    <i class=\"eltdf-icon-dripicons dripicon dripicons-lightbulb eltdf-icon-element\" style=\"color: #ffffff;font-size:30px\" ><\/i>            <\/span>\n\t\t\t\t\t\t<\/div>\n\t<div class=\"eltdf-iwt-content\" >\n\t\t\t\t\t<h3 class=\"eltdf-iwt-title\" style=\"color: #ffffff\">\n\t\t\t\t\t\t\t\t<span class=\"eltdf-iwt-title-text\">MON APPROCHE \u00c9DUCATIVE<\/span>\n\t\t\t\t\t\t\t<\/h3>\n\t\t\t\t\t\t\t<p class=\"eltdf-iwt-text\" style=\"color: #ffffff\">Ma philosophie d\u2019\u00e9ducation est double : chaque enfant a une capacit\u00e9 d&#039;apprentissage unique et a le droit de recevoir une \u00e9ducation de qualit\u00e9 dans un environnement s\u00fbr et \u00e9quilibr\u00e9. Je base mon enseignement sur le respect mutuel, la communication bienveillante, le travail dans la bonne humeur, la cr\u00e9ativit\u00e9, tout cela avec un sens de l\u2019humour toujours pr\u00e9sent. Il est essentiel de fournir un environnement bienveillant au sein de la classe en facilitant et en encourageant une communication ouverte entre l&#039;enseignant et ses \u00e9l\u00e8ves<\/p>\n\t\t\t<\/div>\n<\/div>[vc_empty_space height=\u00a0\u00bb3px\u00a0\u00bb css=\u00a0\u00bb.vc_custom_1705101031330{padding-top: -20% !important;}\u00a0\u00bb]<a itemprop=\"url\" href=\"http:\/\/joyjobs.com\/cv\/p\/pontfr.htm\" target=\"_self\" style=\"color: #ffffff\" class=\"eltdf-btn eltdf-btn-medium eltdf-btn-simple eltdf-btn-arrow\"  >\n    <span class=\"eltdf-btn-text\">En savoir plus<\/span>\n    <\/a>\t\t<\/div>\n\t<\/div>\n<\/div><div class=\"eltdf-eh-item  eltdf-vertical-alignment-top   \" style=\"background-color: #a82626\" data-item-class=\"eltdf-eh-custom-2966\" data-1367-1600=\"20% 12% 20% 45px\" data-1025-1366=\"75px 9% 75px 40px\" data-769-1024=\"18% 21px 18% 35px\" data-681-768=\"12% 29% 10% 30%\" data-680=\"18% 9% 15% 50px\">\n\t<div class=\"eltdf-eh-item-inner\">\n\t\t<div class=\"eltdf-eh-item-content eltdf-eh-custom-2966\" style=\"padding: 12% 23% 10% 70px\">\n\t\t\t<div class=\"eltdf-iwt clearfix  eltdf-iwt-icon-top eltdf-iwt-icon-medium eltdf-iwt-position-text-left\">\n\t<div class=\"eltdf-iwt-icon\">\n\t\t\t\t\t\t\t\t\t    <span class=\"eltdf-icon-shortcode eltdf-normal   eltdf-icon-medium\"  data-color=\"#ffffff\">\n                    <i class=\"eltdf-icon-dripicons dripicon dripicons-lightbulb eltdf-icon-element\" style=\"color: #ffffff;font-size:30px\" ><\/i>            <\/span>\n\t\t\t\t\t\t<\/div>\n\t<div class=\"eltdf-iwt-content\" >\n\t\t\t\t\t<h3 class=\"eltdf-iwt-title\" style=\"color: #ffffff\">\n\t\t\t\t\t\t\t\t<span class=\"eltdf-iwt-title-text\">MY TEACHING PHILOSOPHY<\/span>\n\t\t\t\t\t\t\t<\/h3>\n\t\t\t\t\t\t\t<p class=\"eltdf-iwt-text\" style=\"color: #ffffff\">My philosophy of education is twofold: every child has a unique way of learning and has the right to receive a meaningful education in a safe and healthy environment. I believe in providing a secure environment within the classroom by facilitating open communication between teacher and students. If a student feels comfortable and safe within the learning environment, then he or she will subsequently feel free to explore his or her own individuality and interests. From there, the student will be able to celebrate his or her own independence and identity.<\/p>\n\t\t\t<\/div>\n<\/div>[vc_empty_space height=\u00a0\u00bb3px\u00a0\u00bb]<a itemprop=\"url\" href=\"http:\/\/joyjobs.com\/cv\/p\/pont.htm\" target=\"_self\" style=\"color: #ffffff\" class=\"eltdf-btn eltdf-btn-medium eltdf-btn-simple eltdf-btn-arrow\"  >\n    <span class=\"eltdf-btn-text\">Learn more<\/span>\n    <\/a>\t\t<\/div>\n\t<\/div>\n<\/div><div class=\"eltdf-eh-item   eltdf-horizontal-alignment-right  \" style=\"background-image: url(https:\/\/www.easylanguage.fr\/wp-content\/uploads\/2024\/01\/EXPLICATION.jpg)\" data-item-class=\"eltdf-eh-custom-2015\" data-1025-1366=\"185px 0px\" data-769-1024=\"20% 0% 20% 0%\" data-681-768=\"25% 0% 25% 0%\" data-680=\"45% 0% 45% 0%\">\n\t<div class=\"eltdf-eh-item-inner\">\n\t\t<div class=\"eltdf-eh-item-content eltdf-eh-custom-2015\" style=\"padding: 0 0 0 0\">\n\t\t\t\t\t<\/div>\n\t<\/div>\n<\/div><\/div>[\/vc_column][\/vc_row]<\/p>\n","protected":false},"excerpt":{"rendered":"<p>[vc_row gap=\u00a0\u00bb1&Prime;][vc_column][rev_slider_vc alias=\u00a0\u00bbprofessor-home\u00a0\u00bb enable_paspartu=\u00a0\u00bbno\u00a0\u00bb][\/vc_column][\/vc_row][vc_row][vc_column][\/vc_column][\/vc_row][vc_row][vc_column][\/vc_column][\/vc_row]<\/p>\n","protected":false},"author":1,"featured_media":0,"parent":0,"menu_order":0,"comment_status":"closed","ping_status":"closed","template":"","meta":{"_bbp_topic_count":0,"_bbp_reply_count":0,"_bbp_total_topic_count":0,"_bbp_total_reply_count":0,"_bbp_voice_count":0,"_bbp_anonymous_reply_count":0,"_bbp_topic_count_hidden":0,"_bbp_reply_count_hidden":0,"_bbp_forum_subforum_count":0,"footnotes":""},"class_list":["post-727","page","type-page","status-publish","hentry"],"_links":{"self":[{"href":"https:\/\/www.easylanguage.fr\/index.php?rest_route=\/wp\/v2\/pages\/727","targetHints":{"allow":["GET"]}}],"collection":[{"href":"https:\/\/www.easylanguage.fr\/index.php?rest_route=\/wp\/v2\/pages"}],"about":[{"href":"https:\/\/www.easylanguage.fr\/index.php?rest_route=\/wp\/v2\/types\/page"}],"author":[{"embeddable":true,"href":"https:\/\/www.easylanguage.fr\/index.php?rest_route=\/wp\/v2\/users\/1"}],"replies":[{"embeddable":true,"href":"https:\/\/www.easylanguage.fr\/index.php?rest_route=%2Fwp%2Fv2%2Fcomments&post=727"}],"version-history":[{"count":85,"href":"https:\/\/www.easylanguage.fr\/index.php?rest_route=\/wp\/v2\/pages\/727\/revisions"}],"predecessor-version":[{"id":3339,"href":"https:\/\/www.easylanguage.fr\/index.php?rest_route=\/wp\/v2\/pages\/727\/revisions\/3339"}],"wp:attachment":[{"href":"https:\/\/www.easylanguage.fr\/index.php?rest_route=%2Fwp%2Fv2%2Fmedia&parent=727"}],"curies":[{"name":"wp","href":"https:\/\/api.w.org\/{rel}","templated":true}]}}